te the remainder when 3667260 is divided by 121.
113
Calculate the remainder when 4780145 is divided by 1479.
17
What is the remainder when 83370 is divided by 35?
0
What is the remainder when 3009835 is divided by 1009?
997
What is the remainder when 13288824 is divided by 47?
44
Calculate the remainder when 719071 is divided by 3034.
13
What is the remainder when 1625414 is divided by 541791?
41
Calculate the remainder when 1731349 is divided by 865671.
7
What is the remainder when 891591 is divided by 1675?
491
What is the remainder when 2246139 is divided by 875?
14
What is the remainder when 9402607 is divided by 62?
59
What is the remainder when 1655205 is divided by 265?
15
Calculate the remainder when 4059535 is divided by 17650.
35
Calculate the remainder when 11188187 is divided by 42703.
1
Calculate the remainder when 26833621 is divided by 20055.
31
What is the remainder when 27866 is divided by 12?
2
Calculate the remainder when 6549754 is divided by 727720.
274
What is the remainder when 49283 is divided by 161?
17
What is the remainder when 1228844 is divided by 40957?
134
Calculate the remainder when 181897 is divided by 116.
9
What is the remainder when 9887971 is divided by 28?
23
Calculate the remainder when 5728379 is divided by 199.
164
What is the remainder when 4688842 is divided by 6825?
67
What is the remainder when 538275 is divided by 74?
73
What is the remainder when 238150157 is divided by 19?
15
Calculate the remainder when 2864856 is divided by 11598.
150
Calculate the remainder when 9255020 is divided by 11031.
11
Calculate the remainder when 464264 is divided by 21100.
64
Calculate the remainder when 1144349 is divided by 571933.
483
Calculate the remainder when 9692221 is divided by 592.
589
Calculate the remainder when 825579 is divided by 64.
43
Calculate the remainder when 79485945 is divided by 38.
15
Calculate the remainder when 1876167 is divided by 316.
75
What is the remainder when 4975341 is divided by 433?
171
Calculate the remainder when 372057 is divided by 516.
21
Calculate the remainder when 62121651 is divided by 20707214.
9
Calculate the remainder when 186878645 is divided by 138840.
5
What is the remainder when 397128 is divided by 396525?
603
Calculate the remainder when 3447657 is divided by 370.
367
Calculate the remainder when 87055 is divided by 1452.
1387
Calculate the remainder when 523714 is divided by 638.
554
What is the remainder when 1578483865 is divided by 30?
25
Calculate the remainder when 158526 is divided by 51701.
3423
What is the remainder when 237720 is divided by 10283?
1211
Calculate the remainder when 215053485 is divided by 10.
5
What is the remainder when 116398 is divided by 11637?
28
Calculate the remainder when 13005 is divided by 12968.
37
Calculate the remainder when 29415 is divided by 759.
573
What is the remainder when 2104533978 is divided by 10?
8
What is the remainder when 1643522 is divided by 182613?
5
What is the remainder when 1417776 is divided by 708872?
32
What is the remainder when 70620 is divided by 181?
30
Calculate the remainder when 24471139 is divided by 1223556.
19
Calculate the remainder when 214289 is divided by 231.
152
Calculate the remainder when 287427 is divided by 57.
33
Calculate the remainder when 2270873 is divided by 3087.
1928
Calculate the remainder when 3769692 is divided by 201.
138
Calculate the remainder when 933641 is divided by 300.
41
What is the remainder when 673414 is divided by 84161?
126
Calculate the remainder when 4417028 is divided by 2139.
2132
Calculate the remainder when 2046465 is divided by 3928.
3905
Calculate the remainder when 15812963 is divided by 205363.
12
Calculate the remainder when 208945747 is divided by 3107.
3104
Calculate the remainder when 514747 is divided by 19.
18
Calculate the remainder when 10730903 is divided by 209.
7
What is the remainder when 803963 is divided by 1037?
288
Calculate the remainder when 346366 is divided by 2207.
2074
What is the remainder when 12604163 is divided by 350115?
23
Calculate the remainder when 110507152 is divided by 96.
16
Calculate the remainder when 20543813 is divided by 1870.
1863
Calculate the remainder when 7671732 is divided by 2557241.
9
Calculate the remainder when 1318350 is divided by 354.
54
Calculate the remainder when 38839778 is divided by 100.
78
Calculate the remainder when 1475463 is divided by 737404.
655
Calculate the remainder when 2121396 is divided by 706485.
1941
Calculate the remainder when 1604675 is divided by 2037.
1556
What is the remainder when 7930913 is divided by 564?
509
What is the remainder when 5756772 is divided by 8478?
210
Calculate the remainder when 123070968 is divided by 428.
424
What is the remainder when 1891345 is divided by 72744?
1
Calculate the remainder when 860873 is divided by 199.
198
What is the remainder when 120498 is divided by 272?
2
What is the remainder when 3929891 is divided by 2447?
9
What is the remainder when 7007805 is divided by 3503878?
49
What is the remainder when 3401927 is divided by 15677?
18
Calculate the remainder when 89493 is divided by 3707.
525
What is the remainder when 16062 is divided by 534?
42
What is the remainder when 13277380 is divided by 61?
59
Calculate the remainder when 8672 is divided by 471.
194
What is the remainder when 18645841 is divided by 63?
46
What is the remainder when 3817150 is divided by 94?
92
What is the remainder when 9723 is divided by 826?
637
What is the remainder when 30679 is divided by 9806?
1261
Calculate the remainder when 20198874 is divided by 23.
21
What is the remainder when 231249 is divided by 57794?
73
What is the remainder when 527221 is divided by 3235?
3151
What is the remainder when 3269056 is divided by 1529?
54
What is the remainder when 385631 is divided by 99?
26
Calculate the remainder when 3763337 is divided by 24.
17
What is the remainder when 1527 is divided by 822?
705
Calculate the remainder when 1028100229 is divided by 23.
22
Calculate the remainder when 32628049 is divided by 1846.
1845
Calculate the remainder when 118161 is divided by 1420.
301
What is the remainder when 380362506 is divided by 1057?
1056
Calculate the remainder when 6902831 is divided by 15171.
26
Calculate the remainder when 592138 is divided by 257.
10
What is the remainder when 8510720 is divided by 41?
22
Calculate the remainder when 36540381 is divided by 62.
61
Calculate the remainder when 176465 is divided by 1149.
668
Calculate the remainder when 174791 is divided by 356.
351
What is the remainder when 3707647 is divided by 2203?
2201
Calculate the remainder when 36899 is divided by 89.
53
Calculate the remainder when 225244046 is divided by 3448.
3446
Calculate the remainder when 14006607 is divided by 11.
10
What is the remainder when 311600 is divided by 1948?
1868
What is the remainder when 5091613 is divided by 18249?
142
Calculate the remainder when 11019118 is divided by 420.
418
Calculate the remainder when 75365111 is divided by 20.
11
Calculate the remainder when 258666 is divided by 17.
11
Calculate the remainder when 71565586 is divided by 43.
41
What is the remainder when 1114075 is divided by 1320?
1315
Calculate the remainder when 116676 is divided by 4662.
126
Calculate the remainder when 696505 is divided by 415.
135
What is the remainder when 4825579 is divided by 7044?
439
What is the remainder when 11865418 is divided by 82398?
106
What is the remainder when 11696 is divided by 4476?
2744
Calculate the remainder when 466063 is divided by 154130.
3673
What is the remainder when 12767222 is divided by 1160656?
6
What is the remainder when 189096 is divided by 19?
8
What is the remainder when 268851868 is divided by 5870?
5868
Calculate the remainder when 671505 is divided by 3109.
3070
Calculate the remainder when 23391659 is divided by 69618.
11
Calculate the remainder when 1506005 is divided by 54.
53
Calculate the remainder when 8117457 is divided by 57.
30
Calculate the remainder when 484734 is divided by 33.
30
What is the remainder when 197855 is divided by 187?
9
Calculate the remainder when 592225 is divided by 22.
7
Calculate the remainder when 79412 is divided by 19849.
16
Calculate the remainder when 960475 